{"id":117,"date":"2023-04-08T10:11:12","date_gmt":"2023-04-08T10:11:12","guid":{"rendered":"https:\/\/vietquangfarm.com\/?post_type=product&#038;p=117"},"modified":"2025-03-05T22:30:13","modified_gmt":"2025-03-05T15:30:13","slug":"thit-ga","status":"publish","type":"product","link":"https:\/\/vietquangfarm.com\/index.php\/product\/thit-ga\/","title":{"rendered":"Th\u1ecbt g\u00e0"},"content":{"rendered":"<p><b>Th\u1ecbt g\u00e0<\/b>\u00a0l\u00e0 th\u1ef1c ph\u1ea9m gia c\u1ea7m ph\u1ed5 bi\u1ebfn nh\u1ea5t tr\u00ean th\u1ebf gi\u1edbi.<sup id=\"cite_ref-fao_1-0\" class=\"reference\"><a href=\"https:\/\/vi.wikipedia.org\/wiki\/Th%E1%BB%8Bt_g%C3%A0#cite_note-fao-1\">[1]<\/a><\/sup>\u00a0Do c\u00f3 chi ph\u00ed th\u1ea5p v\u00e0 d\u1ec5 ch\u0103n nu\u00f4i h\u01a1n so v\u1edbi c\u00e1c \u0111\u1ed9ng v\u1eadt kh\u00e1c nh\u01b0\u00a0<a title=\"Tr\u00e2u\" href=\"https:\/\/vi.wikipedia.org\/wiki\/Tr%C3%A2u\">tr\u00e2u<\/a>\u00a0<a title=\"B\u00f2\" href=\"https:\/\/vi.wikipedia.org\/wiki\/B%C3%B2\">b\u00f2<\/a>\u00a0ho\u1eb7c\u00a0<a class=\"mw-redirect\" title=\"L\u1ee3n\" href=\"https:\/\/vi.wikipedia.org\/wiki\/L%E1%BB%A3n\">l\u1ee3n<\/a>, n\u00ean g\u00e0 \u0111\u00e3 tr\u1edf th\u00e0nh lo\u1ea1i th\u1ef1c ph\u1ea9m kh\u00f4ng th\u1ec3 thi\u1ebfu trong \u1ea9m th\u1ef1c c\u1ee7a nhi\u1ec1u n\u1ec1n v\u0103n h\u00f3a tr\u00ean th\u1ebf gi\u1edbi, \u0111\u1ed3ng th\u1eddi th\u1ecbt c\u1ee7a ch\u00fang \u0111\u00e3 \u0111\u01b0\u1ee3c bi\u1ebfn t\u1ea5u \u0111\u1ec3 ph\u00f9 h\u1ee3p v\u1edbi kh\u1ea9u v\u1ecb c\u1ee7a t\u1eebng khu v\u1ef1c.<\/p>\n<p>Th\u1ecbt g\u00e0 c\u00f3 th\u1ec3 \u0111\u01b0\u1ee3c ch\u1ebf bi\u1ebfn theo nhi\u1ec1u c\u00e1ch kh\u00e1c nhau t\u00f9y theo m\u1ee5c \u0111\u00edch c\u1ee7a ch\u00fang, bao g\u1ed3m\u00a0<a class=\"new\" title=\"N\u01b0\u1edbng l\u00f2 (trang kh\u00f4ng t\u1ed3n t\u1ea1i)\" href=\"https:\/\/vi.wikipedia.org\/w\/index.php?title=N%C6%B0%E1%BB%9Bng_l%C3%B2&amp;action=edit&amp;redlink=1\">b\u1ecf l\u00f2<\/a>,\u00a0<a title=\"N\u01b0\u1edbng\" href=\"https:\/\/vi.wikipedia.org\/wiki\/N%C6%B0%E1%BB%9Bng\">n\u01b0\u1edbng<\/a>,\u00a0<a title=\"Quay (\u1ea9m th\u1ef1c)\" href=\"https:\/\/vi.wikipedia.org\/wiki\/Quay_(%E1%BA%A9m_th%E1%BB%B1c)\">quay<\/a>,\u00a0<a class=\"mw-redirect\" title=\"Chi\u00ean\" href=\"https:\/\/vi.wikipedia.org\/wiki\/Chi%C3%AAn\">chi\u00ean<\/a>\u00a0ho\u1eb7c\u00a0<a title=\"Lu\u1ed9c\" href=\"https:\/\/vi.wikipedia.org\/wiki\/Lu%E1%BB%99c\">lu\u1ed9c<\/a>, c\u00f9ng nhi\u1ec1u ph\u01b0\u01a1ng ph\u00e1p kh\u00e1c. K\u1ec3 t\u1eeb n\u1eeda sau c\u1ee7a th\u1ebf k\u1ef7 20, th\u1ecbt g\u00e0 ch\u1ebf bi\u1ebfn s\u1eb5n \u0111\u00e3 tr\u1edf th\u00e0nh m\u1ed9t m\u1eb7t h\u00e0ng ch\u1ee7 y\u1ebfu c\u1ee7a d\u00f2ng th\u1ef1c ph\u1ea9m\u00a0<a title=\"Th\u1ee9c \u0103n nhanh\" href=\"https:\/\/vi.wikipedia.org\/wiki\/Th%E1%BB%A9c_%C4%83n_nhanh\">th\u1ee9c \u0103n nhanh<\/a>. Lo\u1ea1i th\u1ecbt n\u00e0y \u0111\u00f4i khi \u0111\u01b0\u1ee3c coi l\u00e0 t\u1ed1t cho s\u1ee9c kh\u1ecfe h\u01a1n th\u1ecbt \u0111\u1ecf, trong \u0111\u00f3 n\u1ed3ng \u0111\u1ed9\u00a0<a title=\"Cholesterol\" href=\"https:\/\/vi.wikipedia.org\/wiki\/Cholesterol\">cholesterol<\/a>\u00a0v\u00e0\u00a0<a title=\"Ch\u1ea5t b\u00e9o b\u00e3o h\u00f2a\" href=\"https:\/\/vi.wikipedia.org\/wiki\/Ch%E1%BA%A5t_b%C3%A9o_b%C3%A3o_h%C3%B2a\">ch\u1ea5t b\u00e9o b\u00e3o h\u00f2a<\/a>\u00a0th\u1ea5p h\u01a1n h\u1eb3n.<sup id=\"cite_ref-2\" class=\"reference\"><a href=\"https:\/\/vi.wikipedia.org\/wiki\/Th%E1%BB%8Bt_g%C3%A0#cite_note-2\">[2]<\/a><\/sup><\/p>\n","protected":false},"excerpt":{"rendered":"<p>Th\u1ecbt g\u00e0 t\u1ea1i Vi\u1ec7t Quang Farm nu\u00f4i theo ti\u00eau chu\u1ea9n Global Gap n\u00ean b\u1ea3o \u0111\u1ea3m an to\u00e0n v\u1ec7 sinh th\u1ef1c ph\u1ea9m. Kh\u00f4ng nh\u1eefng th\u1ebf th\u1ecbt g\u00e0 s\u0103n ch\u1eafc n\u00ean \u0103n r\u1ea5t ngon.<\/p>\n","protected":false},"featured_media":118,"comment_status":"open","ping_status":"closed","template":"","meta":[],"product_brand":[],"product_cat":[26],"product_tag":[28,30],"class_list":{"0":"post-117","1":"product","2":"type-product","3":"status-publish","4":"has-post-thumbnail","6":"product_cat-thit","7":"product_tag-thit","8":"product_tag-thit-ga","10":"first","11":"instock","12":"shipping-taxable","13":"product-type-simple"},"_links":{"self":[{"href":"https:\/\/vietquangfarm.com\/index.php\/wp-json\/wp\/v2\/product\/117","targetHints":{"allow":["GET"]}}],"collection":[{"href":"https:\/\/vietquangfarm.com\/index.php\/wp-json\/wp\/v2\/product"}],"about":[{"href":"https:\/\/vietquangfarm.com\/index.php\/wp-json\/wp\/v2\/types\/product"}],"replies":[{"embeddable":true,"href":"https:\/\/vietquangfarm.com\/index.php\/wp-json\/wp\/v2\/comments?post=117"}],"wp:featuredmedia":[{"embeddable":true,"href":"https:\/\/vietquangfarm.com\/index.php\/wp-json\/wp\/v2\/media\/118"}],"wp:attachment":[{"href":"https:\/\/vietquangfarm.com\/index.php\/wp-json\/wp\/v2\/media?parent=117"}],"wp:term":[{"taxonomy":"product_brand","embeddable":true,"href":"https:\/\/vietquangfarm.com\/index.php\/wp-json\/wp\/v2\/product_brand?post=117"},{"taxonomy":"product_cat","embeddable":true,"href":"https:\/\/vietquangfarm.com\/index.php\/wp-json\/wp\/v2\/product_cat?post=117"},{"taxonomy":"product_tag","embeddable":true,"href":"https:\/\/vietquangfarm.com\/index.php\/wp-json\/wp\/v2\/product_tag?post=117"}],"curies":[{"name":"wp","href":"https:\/\/api.w.org\/{rel}","templated":true}]}}