{"id":109,"date":"2023-04-08T09:46:17","date_gmt":"2023-04-08T09:46:17","guid":{"rendered":"https:\/\/vietquangfarm.com\/?post_type=product&#038;p=109"},"modified":"2026-04-02T13:37:19","modified_gmt":"2026-04-02T06:37:19","slug":"109","status":"publish","type":"product","link":"https:\/\/vietquangfarm.com\/index.php\/product\/109\/","title":{"rendered":"Rau c\u1ea3i th\u00eca"},"content":{"rendered":"<p>C\u1ea3i th\u00eca l\u00e0 m\u1ed9t lo\u1ea1i rau v\u1eeba d\u1ec5 \u0103n l\u1ea1i c\u00f2n t\u1ed1t cho s\u1ee9c kh\u1ecfe. Ng\u00e0y h\u00f4m nay h\u00e3y c\u00f9ng B\u00e1ch ho\u00e1 XANH t\u1ed5ng h\u1ee3p 8 m\u00f3n ngon t\u1eeb c\u1ea3i th\u00eca th\u01a1m ngon d\u1ec5 l\u00e0m nh\u00e9.<\/p>\n<p><a href=\"https:\/\/www.bachhoaxanh.com\/rau\/cai-thia-4kfarm-tui-200-300g\" target=\"_blank\" rel=\"noopener\">C\u1ea3i th\u00eca<\/a>\u00a0c\u00f3 kh\u1ea3 n\u0103ng ph\u00f2ng ng\u1eeba ung th\u01b0, gi\u00fap\u00a0<a href=\"https:\/\/www.bachhoaxanh.com\/kinh-nghiem-hay\/thuc-pham-tot-cho-he-tieu-hoa-1119443\" target=\"_blank\" rel=\"noopener\">ti\u00eau ho\u00e1 t\u1ed1t<\/a>,\u00a0<a href=\"https:\/\/www.bachhoaxanh.com\/kinh-nghiem-hay\/5-loai-gia-vi-can-xuat-hien-thuong-xuyen-trong-bua-an-de-tang-cuong-he-mien-dich-1057218\" target=\"_blank\" rel=\"noopener\">t\u0103ng c\u01b0\u1eddng h\u1ec7 mi\u1ec5n d\u1ecbch<\/a>,<a href=\"https:\/\/www.bachhoaxanh.com\/kinh-nghiem-hay\/nhung-thuc-pham-tot-cho-doi-mat-cua-tre-968259\" target=\"_blank\" rel=\"noopener\">\u00a0t\u1ed1t cho m\u1eaft<\/a>\u00a0v\u00e0 t\u1ed1t cho ph\u1ee5 n\u1eef mang thai. Ngo\u00e0i nh\u1eefng c\u00f4ng d\u1ee5ng \u0111\u00f3 th\u00ec c\u1ea3i th\u00eca c\u00f2n l\u00e0 m\u1ed9t lo\u1ea1i rau \u0111\u01b0\u1ee3c nhi\u1ec1u ng\u01b0\u1eddi y\u00eau th\u00edch. Ng\u00e0y h\u00f4m nay h\u00e3y c\u00f9ng ch\u00fang m\u00ecnh t\u00ecm hi\u1ec3u m\u1ed9t s\u1ed1 m\u00f3n ngon t\u1eeb c\u1ea3i th\u00eca nh\u00e9!<\/p>\n","protected":false},"excerpt":{"rendered":"<p>Rau c\u1ea3i th\u00eca t\u1ea1i Vi\u1ec7t Quang farm \u0111\u01b0\u1ee3c tr\u1ed3ng th\u1ee7y canh b\u1ea3o \u0111\u1ea3m an to\u00e0n v\u1ec7 sinh th\u1ef1c ph\u1ea9m.<\/p>\n","protected":false},"featured_media":110,"comment_status":"open","ping_status":"closed","template":"","meta":[],"product_brand":[],"product_cat":[21],"product_tag":[25,22],"class_list":{"0":"post-109","1":"product","2":"type-product","3":"status-publish","4":"has-post-thumbnail","6":"product_cat-rau","7":"product_tag-cai-thia","8":"product_tag-rau","10":"first","11":"instock","12":"shipping-taxable","13":"product-type-simple"},"_links":{"self":[{"href":"https:\/\/vietquangfarm.com\/index.php\/wp-json\/wp\/v2\/product\/109","targetHints":{"allow":["GET"]}}],"collection":[{"href":"https:\/\/vietquangfarm.com\/index.php\/wp-json\/wp\/v2\/product"}],"about":[{"href":"https:\/\/vietquangfarm.com\/index.php\/wp-json\/wp\/v2\/types\/product"}],"replies":[{"embeddable":true,"href":"https:\/\/vietquangfarm.com\/index.php\/wp-json\/wp\/v2\/comments?post=109"}],"wp:featuredmedia":[{"embeddable":true,"href":"https:\/\/vietquangfarm.com\/index.php\/wp-json\/wp\/v2\/media\/110"}],"wp:attachment":[{"href":"https:\/\/vietquangfarm.com\/index.php\/wp-json\/wp\/v2\/media?parent=109"}],"wp:term":[{"taxonomy":"product_brand","embeddable":true,"href":"https:\/\/vietquangfarm.com\/index.php\/wp-json\/wp\/v2\/product_brand?post=109"},{"taxonomy":"product_cat","embeddable":true,"href":"https:\/\/vietquangfarm.com\/index.php\/wp-json\/wp\/v2\/product_cat?post=109"},{"taxonomy":"product_tag","embeddable":true,"href":"https:\/\/vietquangfarm.com\/index.php\/wp-json\/wp\/v2\/product_tag?post=109"}],"curies":[{"name":"wp","href":"https:\/\/api.w.org\/{rel}","templated":true}]}}