{"id":20,"date":"2023-04-06T08:37:51","date_gmt":"2023-04-06T08:37:51","guid":{"rendered":"https:\/\/vietquangfarm.com\/?page_id=20"},"modified":"2023-04-09T07:23:06","modified_gmt":"2023-04-09T07:23:06","slug":"gioi-thieu","status":"publish","type":"page","link":"https:\/\/vietquangfarm.com\/index.php\/gioi-thieu\/","title":{"rendered":"Gi\u1edbi thi\u1ec7u"},"content":{"rendered":"\t\t<div data-elementor-type=\"wp-page\" data-elementor-id=\"20\" class=\"elementor elementor-20\">\n\t\t\t\t\t\t<section class=\"elementor-section elementor-top-section elementor-element elementor-element-765ad67 elementor-section-boxed elementor-section-height-default elementor-section-height-default\" data-id=\"765ad67\" data-element_type=\"section\">\n\t\t\t\t\t\t<div class=\"elementor-container elementor-column-gap-default\">\n\t\t\t\t\t<div class=\"elementor-column elementor-col-100 elementor-top-column elementor-element elementor-element-c85fc8e\" data-id=\"c85fc8e\" data-element_type=\"column\">\n\t\t\t<div class=\"elementor-widget-wrap elementor-element-populated\">\n\t\t\t\t\t\t<div class=\"elementor-element elementor-element-c947780 elementor-widget elementor-widget-heading\" data-id=\"c947780\" data-element_type=\"widget\" data-widget_type=\"heading.default\">\n\t\t\t\t<div class=\"elementor-widget-container\">\n\t\t\t\t\t<h2 class=\"elementor-heading-title elementor-size-default\">Gi\u1edbi thi\u1ec7u<\/h2>\t\t\t\t<\/div>\n\t\t\t\t<\/div>\n\t\t\t\t\t<\/div>\n\t\t<\/div>\n\t\t\t\t\t<\/div>\n\t\t<\/section>\n\t\t\t\t<section class=\"elementor-section elementor-top-section elementor-element elementor-element-8fa670a elementor-section-boxed elementor-section-height-default elementor-section-height-default\" data-id=\"8fa670a\" data-element_type=\"section\">\n\t\t\t\t\t\t<div class=\"elementor-container elementor-column-gap-default\">\n\t\t\t\t\t<div class=\"elementor-column elementor-col-100 elementor-top-column elementor-element elementor-element-d406929\" data-id=\"d406929\" data-element_type=\"column\">\n\t\t\t<div class=\"elementor-widget-wrap elementor-element-populated\">\n\t\t\t\t\t\t<div class=\"elementor-element elementor-element-d61b495 elementor-widget elementor-widget-spacer\" data-id=\"d61b495\" data-element_type=\"widget\" data-widget_type=\"spacer.default\">\n\t\t\t\t<div class=\"elementor-widget-container\">\n\t\t\t\t\t\t\t<div class=\"elementor-spacer\">\n\t\t\t<div class=\"elementor-spacer-inner\"><\/div>\n\t\t<\/div>\n\t\t\t\t\t\t<\/div>\n\t\t\t\t<\/div>\n\t\t\t\t\t<\/div>\n\t\t<\/div>\n\t\t\t\t\t<\/div>\n\t\t<\/section>\n\t\t\t\t<section class=\"elementor-section elementor-top-section elementor-element elementor-element-65a6cde elementor-section-boxed elementor-section-height-default elementor-section-height-default\" data-id=\"65a6cde\" data-element_type=\"section\">\n\t\t\t\t\t\t<div class=\"elementor-container elementor-column-gap-default\">\n\t\t\t\t\t<div class=\"elementor-column elementor-col-33 elementor-top-column elementor-element elementor-element-3b210d2\" data-id=\"3b210d2\" data-element_type=\"column\">\n\t\t\t<div class=\"elementor-widget-wrap elementor-element-populated\">\n\t\t\t\t\t\t<div class=\"elementor-element elementor-element-3ec4de7 elementor-widget elementor-widget-image\" data-id=\"3ec4de7\" data-element_type=\"widget\" data-widget_type=\"image.default\">\n\t\t\t\t<div class=\"elementor-widget-container\">\n\t\t\t\t\t\t\t\t\t\t\t\t\t\t\t\t<a href=\"https:\/\/vietquangfarm.com\/index.php\/tam-nhin-su-menh-gia-tri\/\">\n\t\t\t\t\t\t\t<img fetchpriority=\"high\" decoding=\"async\" width=\"300\" height=\"300\" src=\"https:\/\/vietquangfarm.com\/wp-content\/uploads\/2023\/04\/1-300x300.jpg\" class=\"attachment-medium size-medium wp-image-241\" alt=\"\" srcset=\"https:\/\/vietquangfarm.com\/wp-content\/uploads\/2023\/04\/1-300x300.jpg 300w, https:\/\/vietquangfarm.com\/wp-content\/uploads\/2023\/04\/1-150x150.jpg 150w, https:\/\/vietquangfarm.com\/wp-content\/uploads\/2023\/04\/1-100x100.jpg 100w, https:\/\/vietquangfarm.com\/wp-content\/uploads\/2023\/04\/1.jpg 512w\" sizes=\"(max-width: 300px) 100vw, 300px\" \/>\t\t\t\t\t\t\t\t<\/a>\n\t\t\t\t\t\t\t\t\t\t\t\t\t\t\t<\/div>\n\t\t\t\t<\/div>\n\t\t\t\t\t<\/div>\n\t\t<\/div>\n\t\t\t\t<div class=\"elementor-column elementor-col-33 elementor-top-column elementor-element elementor-element-b9bac57\" data-id=\"b9bac57\" data-element_type=\"column\">\n\t\t\t<div class=\"elementor-widget-wrap elementor-element-populated\">\n\t\t\t\t\t\t<div class=\"elementor-element elementor-element-1fd4b8b elementor-widget elementor-widget-image\" data-id=\"1fd4b8b\" data-element_type=\"widget\" data-widget_type=\"image.default\">\n\t\t\t\t<div class=\"elementor-widget-container\">\n\t\t\t\t\t\t\t\t\t\t\t\t\t\t\t\t<a href=\"https:\/\/vietquangfarm.com\/index.php\/chinh-sach-hoat-dong\/\">\n\t\t\t\t\t\t\t<img decoding=\"async\" width=\"300\" height=\"300\" src=\"https:\/\/vietquangfarm.com\/wp-content\/uploads\/2023\/04\/2-300x300.jpg\" class=\"attachment-medium size-medium wp-image-242\" alt=\"\" srcset=\"https:\/\/vietquangfarm.com\/wp-content\/uploads\/2023\/04\/2-300x300.jpg 300w, https:\/\/vietquangfarm.com\/wp-content\/uploads\/2023\/04\/2-150x150.jpg 150w, https:\/\/vietquangfarm.com\/wp-content\/uploads\/2023\/04\/2-100x100.jpg 100w, https:\/\/vietquangfarm.com\/wp-content\/uploads\/2023\/04\/2.jpg 512w\" sizes=\"(max-width: 300px) 100vw, 300px\" \/>\t\t\t\t\t\t\t\t<\/a>\n\t\t\t\t\t\t\t\t\t\t\t\t\t\t\t<\/div>\n\t\t\t\t<\/div>\n\t\t\t\t\t<\/div>\n\t\t<\/div>\n\t\t\t\t<div class=\"elementor-column elementor-col-33 elementor-top-column elementor-element elementor-element-2507c5f\" data-id=\"2507c5f\" data-element_type=\"column\">\n\t\t\t<div class=\"elementor-widget-wrap elementor-element-populated\">\n\t\t\t\t\t\t<div class=\"elementor-element elementor-element-69871ad elementor-widget elementor-widget-image\" data-id=\"69871ad\" data-element_type=\"widget\" data-widget_type=\"image.default\">\n\t\t\t\t<div class=\"elementor-widget-container\">\n\t\t\t\t\t\t\t\t\t\t\t\t\t\t\t\t<a href=\"https:\/\/vietquangfarm.com\/index.php\/so-do-to-chuc\/\">\n\t\t\t\t\t\t\t<img decoding=\"async\" width=\"300\" height=\"300\" src=\"https:\/\/vietquangfarm.com\/wp-content\/uploads\/2023\/04\/3-300x300.jpg\" class=\"attachment-medium size-medium wp-image-243\" alt=\"\" srcset=\"https:\/\/vietquangfarm.com\/wp-content\/uploads\/2023\/04\/3-300x300.jpg 300w, https:\/\/vietquangfarm.com\/wp-content\/uploads\/2023\/04\/3-150x150.jpg 150w, https:\/\/vietquangfarm.com\/wp-content\/uploads\/2023\/04\/3-100x100.jpg 100w, https:\/\/vietquangfarm.com\/wp-content\/uploads\/2023\/04\/3.jpg 512w\" sizes=\"(max-width: 300px) 100vw, 300px\" \/>\t\t\t\t\t\t\t\t<\/a>\n\t\t\t\t\t\t\t\t\t\t\t\t\t\t\t<\/div>\n\t\t\t\t<\/div>\n\t\t\t\t\t<\/div>\n\t\t<\/div>\n\t\t\t\t\t<\/div>\n\t\t<\/section>\n\t\t\t\t<section class=\"elementor-section elementor-top-section elementor-element elementor-element-a24e5d3 elementor-section-boxed elementor-section-height-default elementor-section-height-default\" data-id=\"a24e5d3\" data-element_type=\"section\">\n\t\t\t\t\t\t<div class=\"elementor-container elementor-column-gap-default\">\n\t\t\t\t\t<div class=\"elementor-column elementor-col-33 elementor-top-column elementor-element elementor-element-50fdda2\" data-id=\"50fdda2\" data-element_type=\"column\">\n\t\t\t<div class=\"elementor-widget-wrap elementor-element-populated\">\n\t\t\t\t\t\t<div class=\"elementor-element elementor-element-fd14a25 elementor-widget elementor-widget-heading\" data-id=\"fd14a25\" data-element_type=\"widget\" data-widget_type=\"heading.default\">\n\t\t\t\t<div class=\"elementor-widget-container\">\n\t\t\t\t\t<h4 class=\"elementor-heading-title elementor-size-default\"><a href=\"https:\/\/vietquangfarm.com\/index.php\/tam-nhin-su-menh-gia-tri\/\">T\u1ea7m nh\u00ecn - S\u1ee9 m\u1ec7nh - Gi\u00e1 tr\u1ecb c\u1ed1t l\u00f5i<\/a><\/h4>\t\t\t\t<\/div>\n\t\t\t\t<\/div>\n\t\t\t\t\t<\/div>\n\t\t<\/div>\n\t\t\t\t<div class=\"elementor-column elementor-col-33 elementor-top-column elementor-element elementor-element-1990d97\" data-id=\"1990d97\" data-element_type=\"column\">\n\t\t\t<div class=\"elementor-widget-wrap elementor-element-populated\">\n\t\t\t\t\t\t<div class=\"elementor-element elementor-element-4863344 elementor-widget elementor-widget-heading\" data-id=\"4863344\" data-element_type=\"widget\" data-widget_type=\"heading.default\">\n\t\t\t\t<div class=\"elementor-widget-container\">\n\t\t\t\t\t<h4 class=\"elementor-heading-title elementor-size-default\"><a href=\"https:\/\/vietquangfarm.com\/index.php\/chinh-sach-hoat-dong\/\">Ch\u00ednh s\u00e1ch ho\u1ea1t \u0111\u1ed9ng<\/a><\/h4>\t\t\t\t<\/div>\n\t\t\t\t<\/div>\n\t\t\t\t\t<\/div>\n\t\t<\/div>\n\t\t\t\t<div class=\"elementor-column elementor-col-33 elementor-top-column elementor-element elementor-element-6bdce05\" data-id=\"6bdce05\" data-element_type=\"column\">\n\t\t\t<div class=\"elementor-widget-wrap elementor-element-populated\">\n\t\t\t\t\t\t<div class=\"elementor-element elementor-element-5c830fe elementor-widget elementor-widget-heading\" data-id=\"5c830fe\" data-element_type=\"widget\" data-widget_type=\"heading.default\">\n\t\t\t\t<div class=\"elementor-widget-container\">\n\t\t\t\t\t<h4 class=\"elementor-heading-title elementor-size-default\"><a href=\"https:\/\/vietquangfarm.com\/index.php\/so-do-to-chuc\/\">S\u01a1 \u0111\u1ed3 t\u1ed5 ch\u1ee9c<\/a><\/h4>\t\t\t\t<\/div>\n\t\t\t\t<\/div>\n\t\t\t\t\t<\/div>\n\t\t<\/div>\n\t\t\t\t\t<\/div>\n\t\t<\/section>\n\t\t\t\t<\/div>\n\t\t","protected":false},"excerpt":{"rendered":"<p>Gi\u1edbi thi\u1ec7u T\u1ea7m nh\u00ecn &#8211; S\u1ee9 m\u1ec7nh &#8211; Gi\u00e1 tr\u1ecb c\u1ed1t l\u00f5i Ch\u00ednh s\u00e1ch ho\u1ea1t \u0111\u1ed9ng S\u01a1 \u0111\u1ed3 t\u1ed5 ch\u1ee9c<\/p>\n","protected":false},"author":1,"featured_media":0,"parent":0,"menu_order":0,"comment_status":"closed","ping_status":"closed","template":"elementor_header_footer","meta":{"footnotes":""},"class_list":["post-20","page","type-page","status-publish"],"_links":{"self":[{"href":"https:\/\/vietquangfarm.com\/index.php\/wp-json\/wp\/v2\/pages\/20","targetHints":{"allow":["GET"]}}],"collection":[{"href":"https:\/\/vietquangfarm.com\/index.php\/wp-json\/wp\/v2\/pages"}],"about":[{"href":"https:\/\/vietquangfarm.com\/index.php\/wp-json\/wp\/v2\/types\/page"}],"author":[{"embeddable":true,"href":"https:\/\/vietquangfarm.com\/index.php\/wp-json\/wp\/v2\/users\/1"}],"replies":[{"embeddable":true,"href":"https:\/\/vietquangfarm.com\/index.php\/wp-json\/wp\/v2\/comments?post=20"}],"version-history":[{"count":10,"href":"https:\/\/vietquangfarm.com\/index.php\/wp-json\/wp\/v2\/pages\/20\/revisions"}],"predecessor-version":[{"id":252,"href":"https:\/\/vietquangfarm.com\/index.php\/wp-json\/wp\/v2\/pages\/20\/revisions\/252"}],"wp:attachment":[{"href":"https:\/\/vietquangfarm.com\/index.php\/wp-json\/wp\/v2\/media?parent=20"}],"curies":[{"name":"wp","href":"https:\/\/api.w.org\/{rel}","templated":true}]}}